visor of v and 27?
27
Let x(w) = -w**2 + 3*w + 2. Let a be x(3). Suppose 3*s = a*s + 14. What is the greatest common divisor of 7 and s?
7
Let a = -3 - -7. Suppose -16 = -a*x - 0*x. Calculate the highest common factor of 36 and x.
4
Let a(z) = -17*z + 4. Let x(c) = -2*c + 12. Let w be x(8). Let r be a(w). Calculate the highest common divisor of r and 18.
18
Let n = -7 - -14. Let w be 2/6 + 100/6. Let o = w + n. Calculate the greatest common factor of o and 48.
24
Suppose 2*k - 194 = -2*a, -4*a = 2*k + 3*k - 389. Calculate the greatest common factor of 12 and a.
12
Let d = -14 + 31. Calculate the highest common divisor of d and 34.
17
Let i be 0 + -2 - (4 - 76). What is the highest common divisor of i and 14?
14
Let l(c) = -c - 1. Let f be l(2). Let v be 0/(-2) + 3 + -8. Let h be (-17 - 6/f)*v. What is the greatest common factor of 30 and h?
15
Suppose -4*h - 6 + 116 = 5*p, p = 2. Calculate the greatest common divisor of 5 and h.
5
Let j(x) = 2*x**2 - 10*x + 8. Let v be j(6). Suppose 3*h - 3*m - 28 = -2*m, h = 3*m + v. Calculate the highest common factor of h and 16.
8
Suppose 72 = 5*n + 27. Let g be (-2)/((-328)/162 - -2). Calculate the greatest common divisor of g and n.
9
Let j(d) = d + 6. Let s be j(-6). Suppose 3*y = c - s*c + 12, y + 2*c = 11. Let h = 20 - y. Calculate the greatest common divisor of h and 6.
3
Suppose -g - 4*g + 160 = 0. Let t be (-8)/3*(7 + -5)*-3. Calculate the greatest common factor of g and t.
16
Suppose 0*y + 168 = y - 3*r, y + 4*r = 154. Calculate the greatest common divisor of y and 18.
18
Let g(h) = h - 8. Let a be g(8). Suppose 2*f - 104 = -2*t, -4*t - 2*f + 216 = -a*f. What is the highest common factor of 14 and t?
14
Let a(z) = -2*z - 30. Let k be a(-21). Calculate the highest common divisor of 2 and k.
2
Suppose 0 = 8*h - 12*h + 32. Calculate the highest common divisor of h and 40.
8
Let k be 12 - (1 + -1)/1. Let x be (k/4)/(6/(-8)). Let u be (-2)/x*(-360)/(-2). Calculate the greatest common divisor of 10 and u.
10
Suppose -4*g = -255 + 107. Calculate the highest common factor of 296 and g.
37
Suppose 0 = -5*d + 15 - 80. Let a be (d - 1)/(1 - 3). What is the greatest common divisor of a and 1?
1
Let f be (4*-1 - -3) + 5. Let j = 5 - f. Calculate the highest common factor of j and 7.
1
Let u = 152 - 8. What is the greatest common divisor of 9 and u?
9
Suppose 0 = -2*m - 2*m + 24. Let n be 1 - (-5 + (0 - -1)). Suppose -5*f = 5*d - 30, 0*f - n*f + 30 = d. Calculate the highest common divisor of m and f.
6
Suppose 4*s + 2*v = 22, -3*s + 3*v = -0*v - 3. Let q be (-1)/s + 27/12. What is the highest common factor of q and 8?
2
Let f(s) = s**2 - 9*s. Let m be f(9). Suppose -5*t + m = -30. Let b be 37/3 + (-2)/t. Calculate the greatest common factor of 36 and b.
12
Suppose 7 = -o + 21. What is the greatest common divisor of 154 and o?
14
Suppose 3*j = -6 + 24. Let i be ((-27)/j)/(1/(-2)). Let a(u) = u**2 - 2*u + 9. Let k be a(-7). What is the greatest common divisor of k and i?
9
Let f be 5 - 1 - (0 - -1). Suppose f*x - 47 = -5*l - x, -15 = -5*x. Let a be 6 + 0 + -3 - -25. What is the greatest common divisor of a and l?
7
Let v be -3*((-8)/6 + (-6 - -5)). What is the greatest common divisor of v and 1?
1
Let r(h) = 2*h + 8. Let j(v) = -4*v - 16. Let n(b) = 2*j(b) + 5*r(b). Let l be n(4). What is the highest common factor of 80 and l?
16
Let a = -56 + 92. Calculate the greatest common divisor of a and 9.
9
Let b = 25 + 3. Let m(o) = o**2 + 1. Let r be m(1). Suppose r*k = -n + b, -4*k + k = 2*n - 41. Calculate the highest common divisor of k and 5.
5
Let m(b) = -b**2 + 14*b. Let t be m(12). What is the greatest common factor of 40 and t?
8
Let g be 2 + (2 - -31)/3. Suppose 0 = 5*o - 313 + 118. Calculate the highest common divisor of o and g.
13
Let m(k) = 9*k. Let d be m(2). Let v(l) = 2*l**3 + 2*l**2 - 3*l - 2. Let o be v(-2). Let t be 10/o*-1*d. Calculate the greatest common divisor of t and 9.
9
Let a = 18 - 18. Suppose -3*q + 3*r + 27 = a, -r + 0 - 3 = 0. Let g(d) = -17*d + 1. Let i be g(-1). What is the greatest common divisor of q and i?
6
Let y be (-868)/(-35) - 8/10. Calculate the highest common divisor of 3 and y.
3
Let u(m) = 17*m**2 - 3*m + 2. Let b be u(4). Let o be (-2)/6 + b/(-6). Let c = o - -80. What is the highest common factor of 12 and c?
12
Suppose 3*y - 103 - 167 = 0. What is the greatest common factor of y and 15?
15
Suppose 69 = 4*g - 19. Let r = 39 - g. Calculate the highest common divisor of 136 and r.
17
Let z(v) = 215*v**3 + v. Let b be z(1). What is the highest common divisor of 24 and b?
24
Let w be 7/2*4/7. Let n(v) = 5*v**2 - 3*v + 1. Let j be n(w). What is the greatest common divisor of j and 75?
15
Let k(u) = u**2 + u. Let l be k(3). Let b = 1692 - 802. Let v be 2/3 - b/(-15). What is the highest common factor of v and l?
12
Suppose 502 = 3*i + 100. Suppose -3*x + i = -16. Suppose -30 = -2*p - p. What is the highest common factor of p and x?
10
Suppose 2*w - 36 = -w. Suppose r = -3*r + w. Let c = 30 - 27. Calculate the highest common factor of c and r.
3
Suppose 0 = u + 4*j + 7, -4 = -5*u + 2*j + 5. Let x(w) = w**3 - 6*w**2 + 6*w + 4. Let i be x(5). Calculate the highest common factor of i and u.
1
Let o be (-16 - -8)*14/16*-2. What is the greatest common factor of 35 and o?
7
Let h(j) = 11*j**2 - 2*j + 3. Let c(s) = -s + 0*s + 0*s - 13. Let u be c(-9). Let v be h(u). What is the highest common factor of v and 17?
17
Let l = 10 + -8. Let u = l + 4. Let b be (20/u)/(6/27). What is the highest common divisor of b and 6?
3
Let x = 92 - 88. Suppose 12 = 4*f - 3*f. What is the greatest common divisor of x and f?
4
Let u be (-3)/(-2 - (-471)/240). Suppose -26 = -5*a - 5*y + 139, -4*y - 124 = -4*a. Calculate the highest common factor of a and u.
16
Suppose w + 4*w - 35 = -2*v, 5*v = 5*w. Let k be 5/(v/4) + -1. What is the highest common divisor of k and 3?
3
Suppose -5*j - 182 + 782 = 0. Calculate the greatest common factor of 24 and j.
24
Let p = -23 + 54. Let f = p - -11. Calculate the highest common divisor of 14 and f.
14
Suppose -5*q - 4*h = -37, q - h = 3*h - 7. Let p be 10/25 - (-43)/q. What is the highest common divisor of 36 and p?
9
Let m(a) = 3*a**3 - 2*a**2 + 2*a - 1. Let z be m(1). Let x be (-15)/(-1) + -2 + z. What is the greatest common divisor of 15 and x?
15
Suppose -v + 7 = -0. Calculate the greatest common factor of v and 49.
7
Suppose 58 = -2*i - 126. Suppose 5*c = 2*f - 114 - 715, -12 = 4*f. Let m = i - c. What is the highest common divisor of 30 and m?
15
Suppose -b + 5*l = b - 23, b - 7 = l. Suppose -14 = -3*z + b. Calculate the greatest common divisor of z and 15.
3
Suppose 0 = j + 4*v - 20, 0*j + 36 = 5*j + 4*v. Let w = 14 + j. What is the greatest common divisor of 36 and w?
18
Let n be (-40)/(-16)*(-12)/(-10). Suppose n*a + 3 = 33. What is the highest common divisor of a and 50?
10
Suppose 8 = 2*l - 0. What is the highest common factor of l and 10?
2
Suppose -5*m - 12 - 23 = 0. Let b = 7 + m. Let h(s) = s + 9. Let i be h(b). Calculate the highest common factor of 6 and i.
3
Let r = -2 - 2. Let i(v) = -v + 4. Let m be i(r). Let u = -4 - -52. What is the highest common divisor of u and m?
8
Let p(i) = 25*i - 1. Let r be p(1). Suppose b = -3*b + 92. Suppose o - 28 = 5*m, -3*m - m = -o + b. What is the greatest common divisor of r and o?
3
Let m(n) = 4 - 4*n**3 + 2*n**3 + n + 6*n**2 - 5*n + n**3. Let a be m(4). What is the highest common factor of a and 60?
20
Suppose -n + 10 = -j + 2*n, -3*j + 10 = -n. Calculate the greatest common factor of j and 10.
5
Suppose -5*p = -3*v + 108, -2*v + 6 + 66 = -4*p. Let g be (-1)/4 + (-651)/(-12). What is the greatest common divisor of v and g?
18
Let c = -3 + 5. Suppose c*i - 440 = -3*i. Suppose -15 = -2*f + 1. Calculate the highest common factor of i and f.
8
Suppose -2*l - 3*p + 48 = 3*l, 4*p + 52 = 3*l. Calculate the highest common divisor of 132 and l.
12
Suppose 0 = 5*y - f - 273, -3*y + f + 128 + 35 = 0. Calculate the greatest common factor of y and 22.
11
Let h(i) = 5*i + 46. Let s be h(-6). What is the greatest common factor of 16 and s?
16
Suppose 6*z - 205 - 257 = 0. Calculate the highest common factor of 22 and z.
11
Let w be (-324)/(-33) + 2/11. Let b be (-36)/(-10) + 4/w. What is the highest common factor of 4 and b?
